CRAN Package Check Results for Package shinyhelper

Last updated on 2025-07-04 04:55:40 CEST.

Flavor Version Tinstall Tcheck Ttotal Status Flags
r-devel-linux-x86_64-debian-clang 0.3.2 1.73 18.75 20.48 OK
r-devel-linux-x86_64-debian-gcc 0.3.2 1.11 15.10 16.21 OK
r-devel-linux-x86_64-fedora-clang 0.3.2 31.80 NOTE
r-devel-linux-x86_64-fedora-gcc 0.3.2 29.92 NOTE
r-devel-windows-x86_64 0.3.2 3.00 38.00 41.00 OK
r-patched-linux-x86_64 0.3.2 1.89 17.33 19.22 OK
r-release-linux-x86_64 0.3.2 1.78 17.49 19.27 OK
r-release-macos-arm64 0.3.2 21.00 OK
r-release-macos-x86_64 0.3.2 25.00 OK
r-release-windows-x86_64 0.3.2 4.00 39.00 43.00 OK
r-oldrel-macos-arm64 0.3.2 16.00 OK
r-oldrel-macos-x86_64 0.3.2 21.00 OK
r-oldrel-windows-x86_64 0.3.2 4.00 44.00 48.00 OK

Check Details

Version: 0.3.2
Check: dependencies in R code
Result: NOTE Namespace in Imports field not imported from: ‘markdown’ All declared Imports should be used. Flavors: r-devel-linux-x86_64-fedora-clang, r-devel-linux-x86_64-fedora-gcc