CRAN Package Check Results for Package shinydbauth

Last updated on 2025-07-04 10:51:01 CEST.

Flavor Version Tinstall Tcheck Ttotal Status Flags
r-devel-linux-x86_64-debian-clang 1.0.0.1 5.54 37.64 43.18 OK
r-devel-linux-x86_64-debian-gcc 1.0.0.1 4.26 28.02 32.28 OK
r-devel-linux-x86_64-fedora-clang 1.0.0.1 65.04 NOTE
r-devel-linux-x86_64-fedora-gcc 1.0.0.1 62.17 NOTE
r-devel-windows-x86_64 1.0.0.1 8.00 53.00 61.00 OK
r-patched-linux-x86_64 1.0.0.1 6.67 34.34 41.01 OK
r-release-linux-x86_64 1.0.0.1 6.17 33.95 40.12 OK
r-release-macos-arm64 1.0.0.1 23.00 OK
r-release-macos-x86_64 1.0.0.1 37.00 OK
r-release-windows-x86_64 1.0.0.1 9.00 55.00 64.00 OK
r-oldrel-macos-arm64 1.0.0.1 21.00 OK
r-oldrel-macos-x86_64 1.0.0.1 35.00 OK
r-oldrel-windows-x86_64 1.0.0.1 12.00 64.00 76.00 OK

Check Details

Version: 1.0.0.1
Check: dependencies in R code
Result: NOTE Namespaces in Imports field not imported from: ‘DT’ ‘billboarder’ ‘glue’ ‘scrypt’ ‘yaml’ All declared Imports should be used. Flavors: r-devel-linux-x86_64-fedora-clang, r-devel-linux-x86_64-fedora-gcc