Last updated on 2025-07-04 21:50:19 CEST.
Flavor | Version | Tinstall | Tcheck | Ttotal | Status | Flags |
---|---|---|---|---|---|---|
r-devel-linux-x86_64-debian-clang | 1.2.0 | 4.44 | 37.11 | 41.55 | OK | |
r-devel-linux-x86_64-debian-gcc | 1.2.0 | 3.24 | 28.93 | 32.17 | OK | |
r-devel-linux-x86_64-fedora-clang | 1.2.0 | 63.45 | OK | |||
r-devel-linux-x86_64-fedora-gcc | 1.2.0 | 60.41 | OK | |||
r-devel-windows-x86_64 | 1.2.0 | 8.00 | 55.00 | 63.00 | OK | |
r-patched-linux-x86_64 | 1.2.0 | 4.41 | 35.06 | 39.47 | OK | |
r-release-linux-x86_64 | 1.2.0 | 3.98 | 35.20 | 39.18 | OK | |
r-release-macos-arm64 | 1.2.0 | 26.00 | OK | |||
r-release-macos-x86_64 | 1.2.0 | 39.00 | OK | |||
r-release-windows-x86_64 | 1.2.0 | 7.00 | 54.00 | 61.00 | OK | |
r-oldrel-macos-arm64 | 1.2.0 | 24.00 | NOTE | |||
r-oldrel-macos-x86_64 | 1.2.0 | 34.00 | NOTE | |||
r-oldrel-windows-x86_64 | 1.2.0 | 10.00 | 64.00 | 74.00 | NOTE |
Version: 1.2.0
Check: installed package size
Result: NOTE
installed size is 7.7Mb
sub-directories of 1Mb or more:
www 7.6Mb
Flavors: r-oldrel-macos-arm64, r-oldrel-macos-x86_64, r-oldrel-windows-x86_64