CRAN Package Check Results for Package sensibo.sky

Last updated on 2025-10-12 11:50:20 CEST.

Flavor Version Tinstall Tcheck Ttotal Status Flags
r-devel-linux-x86_64-debian-clang 1.0.0 1.89 22.43 24.32 OK
r-devel-linux-x86_64-debian-gcc 1.0.0 1.59 18.42 20.01 OK
r-devel-linux-x86_64-fedora-clang 1.0.0 35.54 OK
r-devel-linux-x86_64-fedora-gcc 1.0.0 33.98 OK
r-devel-windows-x86_64 1.0.0 3.00 42.00 45.00 OK
r-patched-linux-x86_64 1.0.0 2.08 21.33 23.41 OK
r-release-linux-x86_64 1.0.0 1.89 21.12 23.01 OK
r-release-macos-arm64 1.0.0 21.00 OK
r-release-macos-x86_64 1.0.0 26.00 OK
r-release-windows-x86_64 1.0.0 4.00 43.00 47.00 OK
r-oldrel-macos-arm64 1.0.0 16.00 NOTE
r-oldrel-macos-x86_64 1.0.0 22.00 NOTE
r-oldrel-windows-x86_64 1.0.0 4.00 51.00 55.00 NOTE

Check Details

Version: 1.0.0
Check: LazyData
Result: NOTE 'LazyData' is specified without a 'data' directory Flavors: r-oldrel-macos-arm64, r-oldrel-macos-x86_64, r-oldrel-windows-x86_64