Last updated on 2025-10-08 16:49:07 CEST.
Flavor | Version | Tinstall | Tcheck | Ttotal | Status | Flags |
---|---|---|---|---|---|---|
r-devel-linux-x86_64-debian-clang | 0.2.0 | 10.46 | 53.84 | 64.30 | NOTE | --no-vignettes |
r-devel-linux-x86_64-debian-gcc | 0.2.0 | 6.91 | 38.14 | 45.05 | NOTE | --no-vignettes |
r-devel-linux-x86_64-fedora-clang | 0.2.0 | 577.97 | OK | |||
r-devel-linux-x86_64-fedora-gcc | 0.2.0 | 581.98 | OK | |||
r-devel-windows-x86_64 | 0.2.0 | 15.00 | 386.00 | 401.00 | OK | |
r-patched-linux-x86_64 | 0.2.0 | 10.85 | 49.99 | 60.84 | OK | --no-vignettes |
r-release-linux-x86_64 | 0.2.0 | 10.51 | 50.14 | 60.65 | OK | --no-vignettes |
r-release-macos-arm64 | 0.2.0 | 204.00 | OK | |||
r-release-macos-x86_64 | 0.2.0 | 398.00 | OK | |||
r-release-windows-x86_64 | 0.2.0 | 15.00 | 338.00 | 353.00 | OK | |
r-oldrel-macos-arm64 | 0.2.0 | 191.00 | OK | |||
r-oldrel-macos-x86_64 | 0.2.0 | 388.00 | OK | |||
r-oldrel-windows-x86_64 | 0.2.0 | 18.00 | 515.00 | 533.00 | OK |
Version: 0.2.0
Flags: --no-vignettes
Check: CRAN incoming feasibility
Result: NOTE
Maintainer: ‘Thales Mello <thalesmello@gmail.com>’
The Description field contains
Leonardi (2018) <arXiv:1501.01756>. The Berlin weather sample dataset
Please refer to arXiv e-prints via their arXiv DOI <doi:10.48550/arXiv.YYMM.NNNNN>.
Flavors: r-devel-linux-x86_64-debian-clang, r-devel-linux-x86_64-debian-gcc