CRAN Package Check Results for Package scBio

Last updated on 2025-10-09 21:50:30 CEST.

Flavor Version Tinstall Tcheck Ttotal Status Flags
r-devel-linux-x86_64-debian-clang 0.1.6 2.88 42.21 45.09 NOTE
r-devel-linux-x86_64-debian-gcc 0.1.6 2.13 28.99 31.12 NOTE
r-devel-linux-x86_64-fedora-clang 0.1.6 67.03 OK
r-devel-linux-x86_64-fedora-gcc 0.1.6 62.83 OK
r-devel-windows-x86_64 0.1.6 4.00 59.00 63.00 OK
r-patched-linux-x86_64 0.1.6 2.70 40.01 42.71 OK
r-release-linux-x86_64 0.1.6 2.69 38.85 41.54 OK
r-release-macos-arm64 0.1.6 25.00 OK
r-release-macos-x86_64 0.1.6 56.00 OK
r-release-windows-x86_64 0.1.6 5.00 58.00 63.00 OK
r-oldrel-macos-arm64 0.1.6 24.00 OK
r-oldrel-macos-x86_64 0.1.6 41.00 OK
r-oldrel-windows-x86_64 0.1.6 5.00 74.00 79.00 OK

Check Details

Version: 0.1.6
Check: CRAN incoming feasibility
Result: NOTE Maintainer: ‘Amit Frishberg <amfrishberg@gmail.com>’ No Authors@R field in DESCRIPTION. Please add one, modifying Authors@R: c(person(given = "Amit", family = "Frishberg", role = c("aut", "cre"), email = "amfrishberg@gmail.com"), person(given = "Naama", family = "Peshes-Yaloz", role = "aut"), person(given = "Irit", family = "Gat-Viks", role = "aut")) as necessary. Package CITATION file contains call(s) to old-style citEntry(). Please use bibentry() instead. Flavors: r-devel-linux-x86_64-debian-clang, r-devel-linux-x86_64-debian-gcc