Last updated on 2025-07-05 22:50:38 CEST.
Flavor | Version | Tinstall | Tcheck | Ttotal | Status | Flags |
---|---|---|---|---|---|---|
r-devel-linux-x86_64-debian-clang | 0.6.16 | 184.82 | 320.78 | 505.60 | OK | |
r-devel-linux-x86_64-debian-gcc | 0.6.16 | 129.27 | 309.15 | 438.42 | OK | |
r-devel-linux-x86_64-fedora-clang | 0.6.16 | 829.07 | OK | |||
r-devel-linux-x86_64-fedora-gcc | 0.6.16 | 765.69 | OK | |||
r-devel-windows-x86_64 | 0.6.16 | 15.00 | 408.00 | 423.00 | OK | |
r-patched-linux-x86_64 | 0.6.16 | 182.47 | 332.82 | 515.29 | OK | |
r-release-linux-x86_64 | 0.6.16 | 181.60 | 331.35 | 512.95 | OK | |
r-release-macos-arm64 | 0.6.16 | 343.00 | OK | |||
r-release-macos-x86_64 | 0.6.16 | 384.00 | OK | |||
r-release-windows-x86_64 | 0.6.16 | 13.00 | 416.00 | 429.00 | OK | |
r-oldrel-macos-arm64 | 0.6.16 | 353.00 | NOTE | |||
r-oldrel-macos-x86_64 | 0.6.16 | 429.00 | NOTE | |||
r-oldrel-windows-x86_64 | 0.6.16 | 19.00 | 525.00 | 544.00 | NOTE |
Version: 0.6.16
Check: installed package size
Result: NOTE
installed size is 5.3Mb
sub-directories of 1Mb or more:
bin 4.5Mb
Flavors: r-oldrel-macos-arm64, r-oldrel-macos-x86_64, r-oldrel-windows-x86_64