CRAN Package Check Results for Package sanityTracker

Last updated on 2025-07-04 14:49:39 CEST.

Flavor Version Tinstall Tcheck Ttotal Status Flags
r-devel-linux-x86_64-debian-clang 0.1.0 2.17 28.62 30.79 OK
r-devel-linux-x86_64-debian-gcc 0.1.0 1.70 23.25 24.95 OK
r-devel-linux-x86_64-fedora-clang 0.1.0 50.09 OK
r-devel-linux-x86_64-fedora-gcc 0.1.0 63.72 OK
r-devel-windows-x86_64 0.1.0 3.00 53.00 56.00 OK
r-patched-linux-x86_64 0.1.0 2.47 27.50 29.97 OK
r-release-linux-x86_64 0.1.0 2.38 27.09 29.47 OK
r-release-macos-arm64 0.1.0 35.00 OK
r-release-macos-x86_64 0.1.0 46.00 OK
r-release-windows-x86_64 0.1.0 3.00 52.00 55.00 OK
r-oldrel-macos-arm64 0.1.0 26.00 NOTE
r-oldrel-macos-x86_64 0.1.0 41.00 NOTE
r-oldrel-windows-x86_64 0.1.0 3.00 59.00 62.00 NOTE

Check Details

Version: 0.1.0
Check: LazyData
Result: NOTE 'LazyData' is specified without a 'data' directory Flavors: r-oldrel-macos-arm64, r-oldrel-macos-x86_64, r-oldrel-windows-x86_64