Last updated on 2025-07-04 07:49:40 CEST.
Flavor | Version | Tinstall | Tcheck | Ttotal | Status | Flags |
---|---|---|---|---|---|---|
r-devel-linux-x86_64-debian-clang | 1.2 | 10.18 | 46.03 | 56.21 | NOTE | |
r-devel-linux-x86_64-debian-gcc | 1.2 | 6.19 | 34.82 | 41.01 | NOTE | |
r-devel-linux-x86_64-fedora-clang | 1.2 | 85.88 | NOTE | |||
r-devel-linux-x86_64-fedora-gcc | 1.2 | 97.77 | NOTE | |||
r-devel-windows-x86_64 | 1.2 | 9.00 | 67.00 | 76.00 | NOTE | |
r-patched-linux-x86_64 | 1.2 | 9.16 | 43.90 | 53.06 | NOTE | |
r-release-linux-x86_64 | 1.2 | 9.26 | 44.11 | 53.37 | NOTE | |
r-release-macos-arm64 | 1.2 | 43.00 | NOTE | |||
r-release-macos-x86_64 | 1.2 | 62.00 | NOTE | |||
r-release-windows-x86_64 | 1.2 | 8.00 | 65.00 | 73.00 | NOTE | |
r-oldrel-macos-arm64 | 1.2 | 52.00 | OK | |||
r-oldrel-macos-x86_64 | 1.2 | 101.00 | OK | |||
r-oldrel-windows-x86_64 | 1.2 | 9.00 | 76.00 | 85.00 | OK |
Version: 1.2
Check: DESCRIPTION meta-information
Result: NOTE
Missing dependency on R >= 4.1.0 because package code uses the pipe
|> or function shorthand \(...) syntax added in R 4.1.0.
File(s) using such syntax:
‘class-2-differential.r’ ‘dual-apply.r’ ‘dual-math.r’
‘dual-summary.r’ ‘dual-test-near-equality.r’ ‘dual.r’ ‘dualFun1.Rd’
Flavors: r-devel-linux-x86_64-debian-clang, r-devel-linux-x86_64-debian-gcc, r-devel-linux-x86_64-fedora-clang, r-devel-linux-x86_64-fedora-gcc, r-devel-windows-x86_64, r-patched-linux-x86_64, r-release-linux-x86_64, r-release-macos-arm64, r-release-macos-x86_64, r-release-windows-x86_64