Last updated on 2025-10-10 10:49:44 CEST.
Flavor | Version | Tinstall | Tcheck | Ttotal | Status | Flags |
---|---|---|---|---|---|---|
r-devel-linux-x86_64-debian-clang | 0.4.3 | 29.96 | 333.13 | 363.09 | NOTE | |
r-devel-linux-x86_64-debian-gcc | 0.4.3 | 20.81 | 205.51 | 226.32 | NOTE | |
r-devel-linux-x86_64-fedora-clang | 0.4.3 | 567.15 | OK | |||
r-devel-linux-x86_64-fedora-gcc | 0.4.3 | 552.63 | OK | |||
r-devel-windows-x86_64 | 0.4.3 | 29.00 | 254.00 | 283.00 | OK | |
r-patched-linux-x86_64 | 0.4.3 | 28.12 | 306.48 | 334.60 | OK | |
r-release-linux-x86_64 | 0.4.3 | 31.63 | 308.98 | 340.61 | OK | |
r-release-macos-arm64 | 0.4.3 | 142.00 | OK | |||
r-release-macos-x86_64 | 0.4.3 | 311.00 | OK | |||
r-release-windows-x86_64 | 0.4.3 | 30.00 | 253.00 | 283.00 | OK | |
r-oldrel-macos-arm64 | 0.4.3 | 127.00 | OK | |||
r-oldrel-macos-x86_64 | 0.4.3 | 286.00 | OK | |||
r-oldrel-windows-x86_64 | 0.4.3 | 42.00 | 357.00 | 399.00 | OK |
Version: 0.4.3
Check: CRAN incoming feasibility
Result: NOTE
Maintainer: ‘Jakub Nowosad <nowosad.jakub@gmail.com>’
Package CITATION file contains call(s) to old-style citEntry(). Please
use bibentry() instead.
Flavors: r-devel-linux-x86_64-debian-clang, r-devel-linux-x86_64-debian-gcc