Last updated on 2025-07-17 19:51:51 CEST.
Flavor | Version | Tinstall | Tcheck | Ttotal | Status | Flags |
---|---|---|---|---|---|---|
r-devel-linux-x86_64-debian-clang | 3.0.4 | 473.31 | 300.49 | 773.80 | NOTE | |
r-devel-linux-x86_64-debian-gcc | 4.0.0 | 380.62 | 230.32 | 610.94 | OK | |
r-devel-linux-x86_64-fedora-clang | 4.0.0 | 1449.86 | OK | |||
r-devel-linux-x86_64-fedora-gcc | 4.0.0 | 1525.58 | OK | |||
r-devel-windows-x86_64 | 3.0.4 | 442.00 | 426.00 | 868.00 | NOTE | |
r-patched-linux-x86_64 | 3.0.4 | 428.41 | 285.72 | 714.13 | NOTE | |
r-release-linux-x86_64 | 3.0.4 | 420.74 | 289.85 | 710.59 | NOTE | |
r-release-macos-arm64 | 3.0.4 | 1354.00 | NOTE | |||
r-release-macos-x86_64 | 4.0.0 | 468.00 | OK | |||
r-release-windows-x86_64 | 3.0.4 | 461.00 | 414.00 | 875.00 | NOTE | |
r-oldrel-macos-arm64 | 3.0.4 | 727.00 | NOTE | |||
r-oldrel-macos-x86_64 | 4.0.0 | 497.00 | NOTE | |||
r-oldrel-windows-x86_64 | 3.0.4 | 515.00 | 532.00 | 1047.00 | NOTE |
Version: 3.0.4
Check: DESCRIPTION meta-information
Result: NOTE
Missing dependency on R >= 4.1.0 because package code uses the pipe
|> or function shorthand \(...) syntax added in R 4.1.0.
File(s) using such syntax:
‘rxFun.Rd’
Flavors: r-devel-linux-x86_64-debian-clang, r-devel-windows-x86_64, r-patched-linux-x86_64, r-release-linux-x86_64, r-release-macos-arm64, r-release-windows-x86_64
Version: 3.0.4
Check: installed package size
Result: NOTE
installed size is 10.8Mb
sub-directories of 1Mb or more:
R 2.0Mb
include 1.1Mb
libs 5.8Mb
Flavors: r-oldrel-macos-arm64, r-oldrel-windows-x86_64
Version: 4.0.0
Check: installed package size
Result: NOTE
installed size is 11.7Mb
sub-directories of 1Mb or more:
R 2.0Mb
include 1.3Mb
libs 6.6Mb
Flavor: r-oldrel-macos-x86_64