Last updated on 2025-10-08 22:53:37 CEST.
Flavor | Version | Tinstall | Tcheck | Ttotal | Status | Flags |
---|---|---|---|---|---|---|
r-devel-linux-x86_64-debian-clang | 0.1.4 | 5.90 | 60.66 | 66.56 | NOTE | |
r-devel-linux-x86_64-debian-gcc | 0.1.4 | 3.70 | 41.97 | 45.67 | NOTE | |
r-devel-linux-x86_64-fedora-clang | 0.1.4 | 100.03 | OK | |||
r-devel-linux-x86_64-fedora-gcc | 0.1.4 | 97.65 | OK | |||
r-devel-windows-x86_64 | 0.1.4 | 8.00 | 81.00 | 89.00 | OK | |
r-patched-linux-x86_64 | 0.1.4 | 5.95 | 54.62 | 60.57 | OK | |
r-release-linux-x86_64 | 0.1.4 | 5.55 | 55.62 | 61.17 | OK | |
r-release-macos-arm64 | 0.1.4 | 34.00 | OK | |||
r-release-macos-x86_64 | 0.1.4 | 58.00 | OK | |||
r-release-windows-x86_64 | 0.1.4 | 9.00 | 82.00 | 91.00 | OK | |
r-oldrel-macos-arm64 | 0.1.4 | 29.00 | OK | |||
r-oldrel-macos-x86_64 | 0.1.4 | 45.00 | OK | |||
r-oldrel-windows-x86_64 | 0.1.4 | 12.00 | 94.00 | 106.00 | OK |
Version: 0.1.4
Check: CRAN incoming feasibility
Result: NOTE
Maintainer: ‘Kasper Welbers <kasperwelbers@gmail.com>’
No Authors@R field in DESCRIPTION.
Please add one, modifying
Authors@R: c(person(given = "Kasper",
family = "Welbers",
role = c("aut", "cre"),
email = "kasperwelbers@gmail.com"),
person(given = "Wouter",
family = "van Atteveldt",
role = "aut"))
as necessary.
Flavors: r-devel-linux-x86_64-debian-clang, r-devel-linux-x86_64-debian-gcc