CRAN Package Check Results for Package rrat

Last updated on 2025-07-17 17:50:27 CEST.

Flavor Version Tinstall Tcheck Ttotal Status Flags
r-devel-linux-x86_64-debian-clang 1.0.0 6.19 57.34 63.53 NOTE
r-devel-linux-x86_64-debian-gcc 1.0.0 5.07 43.76 48.83 NOTE
r-devel-linux-x86_64-fedora-clang 1.0.0 98.12 OK
r-devel-linux-x86_64-fedora-gcc 1.0.0 96.43 OK
r-devel-windows-x86_64 1.0.0 8.00 66.00 74.00 OK
r-patched-linux-x86_64 1.0.0 6.84 54.71 61.55 OK
r-release-linux-x86_64 1.0.0 6.93 54.77 61.70 OK
r-release-macos-arm64 1.0.0 31.00 OK
r-release-macos-x86_64 1.0.0 60.00 OK
r-release-windows-x86_64 1.0.0 9.00 68.00 77.00 OK
r-oldrel-macos-arm64 1.0.0 30.00 OK
r-oldrel-macos-x86_64 1.0.0 43.00 OK
r-oldrel-windows-x86_64 1.0.0 10.00 83.00 93.00 OK

Check Details

Version: 1.0.0
Check: CRAN incoming feasibility
Result: NOTE Maintainer: ‘Yi He <yi.he@stats.oxon.org>’ No Authors@R field in DESCRIPTION. Please add one, modifying Authors@R: c(person(given = "Yi", family = "He", role = c("aut", "cre"), email = "yi.he@stats.oxon.org"), person(given = "Yuelin", family = "Zhao", role = "aut")) as necessary. Flavors: r-devel-linux-x86_64-debian-clang, r-devel-linux-x86_64-debian-gcc