Last updated on 2025-07-04 15:48:42 CEST.
Flavor | Version | Tinstall | Tcheck | Ttotal | Status | Flags |
---|---|---|---|---|---|---|
r-devel-linux-x86_64-debian-clang | 0.7-3 | 195.30 | 143.77 | 339.07 | OK | |
r-devel-linux-x86_64-debian-gcc | 0.7-3 | 121.05 | 94.54 | 215.59 | OK | |
r-devel-linux-x86_64-fedora-clang | 0.7-3 | 632.93 | OK | |||
r-devel-linux-x86_64-fedora-gcc | 0.7-3 | 534.25 | OK | |||
r-devel-windows-x86_64 | 0.7-3 | 205.00 | 174.00 | 379.00 | OK | |
r-patched-linux-x86_64 | 0.7-3 | 176.05 | 134.63 | 310.68 | OK | |
r-release-linux-x86_64 | 0.7-3 | 173.37 | 135.02 | 308.39 | OK | |
r-release-macos-arm64 | 0.7-3 | 111.00 | OK | |||
r-release-macos-x86_64 | 0.7-3 | 151.00 | OK | |||
r-release-windows-x86_64 | 0.7-3 | 213.00 | 179.00 | 392.00 | OK | |
r-oldrel-macos-arm64 | 0.7-3 | 125.00 | NOTE | |||
r-oldrel-macos-x86_64 | 0.7-3 | 168.00 | NOTE | |||
r-oldrel-windows-x86_64 | 0.7-3 | 249.00 | 221.00 | 470.00 | OK |
Version: 0.7-3
Check: installed package size
Result: NOTE
installed size is 5.3Mb
sub-directories of 1Mb or more:
libs 4.8Mb
Flavors: r-oldrel-macos-arm64, r-oldrel-macos-x86_64