Last updated on 2025-10-10 12:49:50 CEST.
Flavor | Version | Tinstall | Tcheck | Ttotal | Status | Flags |
---|---|---|---|---|---|---|
r-devel-linux-x86_64-debian-clang | 1.1.4 | 5.78 | 295.80 | 301.58 | NOTE | |
r-devel-linux-x86_64-debian-gcc | 1.1.4 | 4.21 | 225.63 | 229.84 | NOTE | |
r-devel-linux-x86_64-fedora-clang | 1.1.4 | 469.98 | OK | |||
r-devel-linux-x86_64-fedora-gcc | 1.1.4 | 574.35 | OK | |||
r-devel-windows-x86_64 | 1.1.4 | 9.00 | 375.00 | 384.00 | OK | |
r-patched-linux-x86_64 | 1.1.4 | 6.42 | 283.52 | 289.94 | OK | |
r-release-linux-x86_64 | 1.1.4 | 6.02 | 284.70 | 290.72 | OK | |
r-release-macos-arm64 | 1.1.4 | 206.00 | OK | |||
r-release-macos-x86_64 | 1.1.4 | 453.00 | OK | |||
r-release-windows-x86_64 | 1.1.4 | 9.00 | 365.00 | 374.00 | OK | |
r-oldrel-macos-arm64 | 1.1.4 | 207.00 | OK | |||
r-oldrel-macos-x86_64 | 1.1.4 | 325.00 | OK | |||
r-oldrel-windows-x86_64 | 1.1.4 | 12.00 | 414.00 | 426.00 | OK |
Version: 1.1.4
Check: CRAN incoming feasibility
Result: NOTE
Maintainer: ‘Gerry Tonkin-Hill <g.tonkinhill@gmail.com>’
Package CITATION file contains call(s) to old-style personList() or
as.personList(). Please use c() on person objects instead.
Package CITATION file contains call(s) to old-style citEntry(). Please
use bibentry() instead.
Flavors: r-devel-linux-x86_64-debian-clang, r-devel-linux-x86_64-debian-gcc