Last updated on 2025-07-04 07:49:38 CEST.
Flavor | Version | Tinstall | Tcheck | Ttotal | Status | Flags |
---|---|---|---|---|---|---|
r-devel-linux-x86_64-debian-clang | 1.3.24 | 132.25 | 230.13 | 362.38 | OK | |
r-devel-linux-x86_64-debian-gcc | 1.3.24 | 85.22 | 168.06 | 253.28 | OK | |
r-devel-linux-x86_64-fedora-clang | 1.3.24 | 722.15 | OK | |||
r-devel-linux-x86_64-fedora-gcc | 1.3.24 | 581.96 | OK | |||
r-devel-windows-x86_64 | 1.3.24 | 210.00 | 268.00 | 478.00 | OK | |
r-patched-linux-x86_64 | 1.3.24 | 126.76 | 222.01 | 348.77 | OK | |
r-release-linux-x86_64 | 1.3.24 | 117.20 | 218.71 | 335.91 | OK | |
r-release-macos-arm64 | 1.3.18 | 188.00 | OK | |||
r-release-macos-x86_64 | 1.3.24 | 272.00 | OK | |||
r-release-windows-x86_64 | 1.3.24 | 185.00 | 255.00 | 440.00 | OK | |
r-oldrel-macos-arm64 | 1.3.18 | 157.00 | NOTE | |||
r-oldrel-macos-x86_64 | 1.3.24 | 247.00 | NOTE | |||
r-oldrel-windows-x86_64 | 1.3.24 | 251.00 | 337.00 | 588.00 | NOTE |
Version: 1.3.18
Check: installed package size
Result: NOTE
installed size is 35.1Mb
sub-directories of 1Mb or more:
doc 5.6Mb
fonts 1.5Mb
libs 24.7Mb
Flavor: r-oldrel-macos-arm64
Version: 1.3.24
Check: installed package size
Result: NOTE
installed size is 37.4Mb
sub-directories of 1Mb or more:
doc 7.2Mb
fonts 1.5Mb
libs 25.4Mb
Flavors: r-oldrel-macos-x86_64, r-oldrel-windows-x86_64