Last updated on 2025-07-05 16:48:36 CEST.
Flavor | Version | Tinstall | Tcheck | Ttotal | Status | Flags |
---|---|---|---|---|---|---|
r-devel-linux-x86_64-debian-clang | 1.0.2 | 111.00 | 49.08 | 160.08 | OK | |
r-devel-linux-x86_64-debian-gcc | 1.0.2 | 70.06 | 35.98 | 106.04 | OK | |
r-devel-linux-x86_64-fedora-clang | 1.0.2 | 306.02 | OK | |||
r-devel-linux-x86_64-fedora-gcc | 1.0.2 | 247.58 | OK | |||
r-devel-windows-x86_64 | 1.0.2 | 119.00 | 84.00 | 203.00 | OK | |
r-patched-linux-x86_64 | 1.0.2 | 101.58 | 46.22 | 147.80 | OK | |
r-release-linux-x86_64 | 1.0.2 | 99.98 | 45.54 | 145.52 | OK | |
r-release-macos-arm64 | 1.0.2 | 56.00 | OK | |||
r-release-macos-x86_64 | 1.0.2 | 77.00 | OK | |||
r-release-windows-x86_64 | 1.0.2 | 121.00 | 90.00 | 211.00 | OK | |
r-oldrel-macos-arm64 | 1.0.2 | 59.00 | NOTE | |||
r-oldrel-macos-x86_64 | 1.0.2 | 132.00 | NOTE | |||
r-oldrel-windows-x86_64 | 1.0.2 | 140.00 | 105.00 | 245.00 | OK |
Version: 1.0.2
Check: installed package size
Result: NOTE
installed size is 7.4Mb
sub-directories of 1Mb or more:
data 2.4Mb
libs 4.9Mb
Flavors: r-oldrel-macos-arm64, r-oldrel-macos-x86_64