Last updated on 2025-07-05 14:49:24 CEST.
Flavor | Version | Tinstall | Tcheck | Ttotal | Status | Flags |
---|---|---|---|---|---|---|
r-devel-linux-x86_64-debian-clang | 1.3.1 | 26.81 | 459.63 | 486.44 | OK | |
r-devel-linux-x86_64-debian-gcc | 1.3.1 | 15.24 | 305.49 | 320.73 | OK | |
r-devel-linux-x86_64-fedora-clang | 1.3.1 | 759.77 | OK | |||
r-devel-linux-x86_64-fedora-gcc | 1.3.1 | 746.46 | OK | |||
r-devel-windows-x86_64 | 1.3.1 | 26.00 | 442.00 | 468.00 | OK | |
r-patched-linux-x86_64 | 1.3.1 | 36.41 | 437.58 | 473.99 | OK | |
r-release-linux-x86_64 | 1.3.1 | 24.30 | 438.97 | 463.27 | OK | |
r-release-macos-arm64 | 1.3.1 | 196.00 | OK | |||
r-release-macos-x86_64 | 1.3.1 | 305.00 | WARN | |||
r-release-windows-x86_64 | 1.3.1 | 27.00 | 449.00 | 476.00 | OK | |
r-oldrel-macos-arm64 | 1.3.1 | 210.00 | OK | |||
r-oldrel-macos-x86_64 | 1.3.1 | 368.00 | OK | |||
r-oldrel-windows-x86_64 | 1.3.1 | 40.00 | 603.00 | 643.00 | OK |
Version: 1.3.1
Check: Rd files
Result: WARN
cannot open the connection
remove_original_cols.Rd: Sections \title, and \name must exist and be unique in Rd files
problems found in ‘reexports.Rd’, ‘remove_original_cols.Rd’
Flavor: r-release-macos-x86_64