Last updated on 2025-07-04 00:50:15 CEST.
Flavor | Version | Tinstall | Tcheck | Ttotal | Status | Flags |
---|---|---|---|---|---|---|
r-devel-linux-x86_64-debian-clang | 1.0.0 | 4.14 | 40.93 | 45.07 | OK | |
r-devel-linux-x86_64-debian-gcc | 1.0.0 | 3.03 | 29.65 | 32.68 | OK | |
r-devel-linux-x86_64-fedora-clang | 1.0.0 | 67.89 | OK | |||
r-devel-linux-x86_64-fedora-gcc | 1.0.0 | 63.69 | OK | |||
r-devel-windows-x86_64 | 1.0.0 | 4.00 | 57.00 | 61.00 | OK | |
r-patched-linux-x86_64 | 1.0.0 | 3.54 | 37.85 | 41.39 | OK | |
r-release-linux-x86_64 | 1.0.0 | 3.86 | 37.82 | 41.68 | OK | |
r-release-macos-arm64 | 1.0.0 | 25.00 | OK | |||
r-release-macos-x86_64 | 1.0.0 | 41.00 | OK | |||
r-release-windows-x86_64 | 1.0.0 | 6.00 | 57.00 | 63.00 | OK | |
r-oldrel-macos-arm64 | 1.0.0 | 24.00 | NOTE | |||
r-oldrel-macos-x86_64 | 1.0.0 | 34.00 | NOTE | |||
r-oldrel-windows-x86_64 | 1.0.0 | 6.00 | 66.00 | 72.00 | NOTE |
Version: 1.0.0
Check: LazyData
Result: NOTE
'LazyData' is specified without a 'data' directory
Flavors: r-oldrel-macos-arm64, r-oldrel-macos-x86_64, r-oldrel-windows-x86_64