Last updated on 2025-07-04 15:48:41 CEST.
Flavor | Version | Tinstall | Tcheck | Ttotal | Status | Flags |
---|---|---|---|---|---|---|
r-devel-linux-x86_64-debian-clang | 0.3.2 | 4.77 | 48.67 | 53.44 | NOTE | |
r-devel-linux-x86_64-debian-gcc | 0.3.2 | 3.32 | 36.35 | 39.67 | NOTE | |
r-devel-linux-x86_64-fedora-clang | 0.3.2 | 80.05 | OK | |||
r-devel-linux-x86_64-fedora-gcc | 0.3.2 | 88.86 | OK | |||
r-devel-windows-x86_64 | 0.3.2 | 6.00 | 72.00 | 78.00 | OK | |
r-patched-linux-x86_64 | 0.3.2 | 5.07 | 44.81 | 49.88 | OK | |
r-release-linux-x86_64 | 0.3.2 | 4.18 | 44.74 | 48.92 | OK | |
r-release-macos-arm64 | 0.3.2 | 34.00 | OK | |||
r-release-macos-x86_64 | 0.3.2 | 85.00 | OK | |||
r-release-windows-x86_64 | 0.3.2 | 7.00 | 74.00 | 81.00 | OK | |
r-oldrel-macos-arm64 | 0.3.2 | 33.00 | OK | |||
r-oldrel-macos-x86_64 | 0.3.2 | 51.00 | OK | |||
r-oldrel-windows-x86_64 | 0.3.2 | 8.00 | 83.00 | 91.00 | OK |
Version: 0.3.2
Check: CRAN incoming feasibility
Result: NOTE
Maintainer: ‘Xiang Zhou <xiang_zhou@fas.harvard.edu>’
The BugReports field in DESCRIPTION has
https://github.com/xiangzhou09/rbw
which should likely be
https://github.com/xiangzhou09/rbw/issues
instead.
Flavors: r-devel-linux-x86_64-debian-clang, r-devel-linux-x86_64-debian-gcc