Last updated on 2025-10-10 12:49:49 CEST.
Flavor | Version | Tinstall | Tcheck | Ttotal | Status | Flags |
---|---|---|---|---|---|---|
r-devel-linux-x86_64-debian-clang | 1.2.4 | 54.04 | 159.59 | 213.63 | WARN | |
r-devel-linux-x86_64-debian-gcc | 1.2.4 | 39.15 | 104.92 | 144.07 | WARN | |
r-devel-linux-x86_64-fedora-clang | 1.2.4 | 333.18 | NOTE | |||
r-devel-linux-x86_64-fedora-gcc | 1.2.4 | 328.40 | NOTE | |||
r-devel-windows-x86_64 | 1.2.4 | 60.00 | 171.00 | 231.00 | NOTE | |
r-patched-linux-x86_64 | 1.2.4 | 46.15 | 144.49 | 190.64 | NOTE | |
r-release-linux-x86_64 | 1.2.4 | 48.96 | 142.99 | 191.95 | NOTE | |
r-release-macos-arm64 | 1.2.4 | 89.00 | NOTE | |||
r-release-macos-x86_64 | 1.2.4 | 212.00 | NOTE | |||
r-release-windows-x86_64 | 1.2.4 | 60.00 | 165.00 | 225.00 | NOTE | |
r-oldrel-macos-arm64 | 1.2.4 | 94.00 | NOTE | |||
r-oldrel-macos-x86_64 | 1.2.4 | 193.00 | NOTE | |||
r-oldrel-windows-x86_64 | 1.2.4 | 70.00 | 220.00 | 290.00 | NOTE |
Version: 1.2.4
Check: whether package can be installed
Result: WARN
Found the following significant warnings:
/home/hornik/tmp/R.check/r-devel-clang/Work/build/Packages/RcppArmadillo/include/RcppArmadillo/version/arma.h:66:17: warning: Using fallback compilation with Armadillo 14.6.3. Please consider defining -DARMA_USE_CURRENT and also removing C++11 compilation directive. See GitHub issue #475 for more. [-W#pragma-messages]
See ‘/home/hornik/tmp/R.check/r-devel-clang/Work/PKGS/ratematrix.Rcheck/00install.out’ for details.
* used C++ compiler: ‘Debian clang version 19.1.7 (7)’
Flavor: r-devel-linux-x86_64-debian-clang
Version: 1.2.4
Check: C++ specification
Result: NOTE
Specified C++11: please drop specification unless essential
Flavors: r-devel-linux-x86_64-debian-clang, r-devel-linux-x86_64-debian-gcc, r-devel-linux-x86_64-fedora-clang, r-devel-linux-x86_64-fedora-gcc, r-devel-windows-x86_64, r-patched-linux-x86_64, r-release-linux-x86_64, r-release-macos-arm64, r-release-macos-x86_64, r-release-windows-x86_64, r-oldrel-macos-arm64, r-oldrel-macos-x86_64, r-oldrel-windows-x86_64
Version: 1.2.4
Check: whether package can be installed
Result: WARN
Found the following significant warnings:
/home/hornik/tmp/R.check/r-devel-gcc/Work/build/Packages/RcppArmadillo/include/RcppArmadillo/version/arma.h:66:199: note: ‘#pragma message: Using fallback compilation with Armadillo 14.6.3. Please consider defining -DARMA_USE_CURRENT and also removing C++11 compilation directive. See GitHub issue #475 for more.’
See ‘/home/hornik/tmp/R.check/r-devel-gcc/Work/PKGS/ratematrix.Rcheck/00install.out’ for details.
* used C++ compiler: ‘g++-15 (Debian 15.2.0-4) 15.2.0’
Flavor: r-devel-linux-x86_64-debian-gcc
Version: 1.2.4
Check: installed package size
Result: NOTE
installed size is 6.6Mb
sub-directories of 1Mb or more:
libs 4.9Mb
Flavors: r-oldrel-macos-arm64, r-oldrel-macos-x86_64