Last updated on 2025-07-17 19:51:47 CEST.
Flavor | Version | Tinstall | Tcheck | Ttotal | Status | Flags |
---|---|---|---|---|---|---|
r-devel-linux-x86_64-debian-clang | 3.0.2 | 31.71 | 164.74 | 196.45 | NOTE | |
r-devel-linux-x86_64-debian-gcc | 3.0.2 | 17.31 | 110.23 | 127.54 | NOTE | |
r-devel-linux-x86_64-fedora-clang | 3.0.2 | 296.62 | NOTE | |||
r-devel-linux-x86_64-fedora-gcc | 3.0.2 | 305.23 | NOTE | |||
r-devel-windows-x86_64 | 3.0.2 | 32.00 | 173.00 | 205.00 | NOTE | |
r-patched-linux-x86_64 | 3.0.2 | 30.18 | 151.35 | 181.53 | NOTE | |
r-release-linux-x86_64 | 3.0.2 | 28.97 | 150.14 | 179.11 | NOTE | |
r-release-macos-arm64 | 3.0.2 | 74.00 | NOTE | |||
r-release-macos-x86_64 | 3.0.2 | 162.00 | NOTE | |||
r-release-windows-x86_64 | 3.0.2 | 33.00 | 173.00 | 206.00 | NOTE | |
r-oldrel-macos-arm64 | 3.0.2 | 74.00 | NOTE | |||
r-oldrel-macos-x86_64 | 3.0.2 | 121.00 | NOTE | |||
r-oldrel-windows-x86_64 | 3.0.2 | 43.00 | 210.00 | 253.00 | NOTE |
Version: 3.0.2
Check: Rd files
Result: NOTE
checkRd: (-1) makeDesignMatrix.Rd:16: Lost braces; missing escapes or markup?
16 | is randomized to a certain treatment {j}, the entry of \code{(i,j)} of the
| ^
Flavors: r-devel-linux-x86_64-debian-clang, r-devel-linux-x86_64-debian-gcc, r-devel-linux-x86_64-fedora-clang, r-devel-linux-x86_64-fedora-gcc, r-devel-windows-x86_64, r-patched-linux-x86_64, r-release-linux-x86_64, r-release-macos-arm64, r-release-macos-x86_64, r-release-windows-x86_64, r-oldrel-macos-arm64, r-oldrel-macos-x86_64, r-oldrel-windows-x86_64