CRAN Package Check Results for Package rameritrade

Last updated on 2025-07-04 07:49:37 CEST.

Flavor Version Tinstall Tcheck Ttotal Status Flags
r-devel-linux-x86_64-debian-clang 0.1.5 2.03 22.92 24.95 OK
r-devel-linux-x86_64-debian-gcc 0.1.5 1.83 18.63 20.46 OK
r-devel-linux-x86_64-fedora-clang 0.1.5 36.33 OK
r-devel-linux-x86_64-fedora-gcc 0.1.5 34.84 OK
r-devel-windows-x86_64 0.1.5 4.00 45.00 49.00 OK
r-patched-linux-x86_64 0.1.5 2.22 20.37 22.59 OK
r-release-linux-x86_64 0.1.5 2.15 20.10 22.25 OK
r-release-macos-arm64 0.1.5 17.00 OK
r-release-macos-x86_64 0.1.5 28.00 OK
r-release-windows-x86_64 0.1.5 4.00 47.00 51.00 OK
r-oldrel-macos-arm64 0.1.5 16.00 NOTE
r-oldrel-macos-x86_64 0.1.5 24.00 NOTE
r-oldrel-windows-x86_64 0.1.5 5.00 48.00 53.00 NOTE

Check Details

Version: 0.1.5
Check: LazyData
Result: NOTE 'LazyData' is specified without a 'data' directory Flavors: r-oldrel-macos-arm64, r-oldrel-macos-x86_64, r-oldrel-windows-x86_64