CRAN Package Check Results for Package qtl2ggplot

Last updated on 2025-07-04 21:50:15 CEST.

Flavor Version Tinstall Tcheck Ttotal Status Flags
r-devel-linux-x86_64-debian-clang 1.2.4 17.04 158.24 175.28 NOTE
r-devel-linux-x86_64-debian-gcc 1.2.4 12.11 111.09 123.20 NOTE
r-devel-linux-x86_64-fedora-clang 1.2.4 267.09 OK
r-devel-linux-x86_64-fedora-gcc 1.2.4 264.87 OK
r-devel-windows-x86_64 1.2.4 22.00 176.00 198.00 NOTE
r-patched-linux-x86_64 1.2.4 17.21 149.50 166.71 NOTE
r-release-linux-x86_64 1.2.4 16.18 150.21 166.39 NOTE
r-release-macos-arm64 1.2.4 82.00 OK
r-release-macos-x86_64 1.2.4 152.00 OK
r-release-windows-x86_64 1.2.4 21.00 177.00 198.00 NOTE
r-oldrel-macos-arm64 1.2.4 79.00 NOTE
r-oldrel-macos-x86_64 1.2.4 115.00 NOTE
r-oldrel-windows-x86_64 1.2.4 30.00 223.00 253.00 NOTE

Check Details

Version: 1.2.4
Check: Rd cross-references
Result: NOTE Found the following Rd file(s) with Rd \link{} targets missing package anchors: ggplot_pxg.Rd: plot_coef ggplot_scan1.Rd: plot_snpasso Please provide package anchors for all Rd \link{} targets not in the package itself and the base packages. Flavors: r-devel-linux-x86_64-debian-clang, r-devel-linux-x86_64-debian-gcc, r-devel-windows-x86_64, r-patched-linux-x86_64, r-release-linux-x86_64, r-release-windows-x86_64

Version: 1.2.4
Check: installed package size
Result: NOTE installed size is 5.3Mb sub-directories of 1Mb or more: doc 4.4Mb Flavors: r-oldrel-macos-arm64, r-oldrel-macos-x86_64, r-oldrel-windows-x86_64