Last updated on 2025-10-11 08:50:01 CEST.
Flavor | Version | Tinstall | Tcheck | Ttotal | Status | Flags |
---|---|---|---|---|---|---|
r-devel-linux-x86_64-debian-clang | 2.7 | 6.28 | 77.57 | 83.85 | NOTE | |
r-devel-linux-x86_64-debian-gcc | 2.7 | 3.52 | 59.67 | 63.19 | NOTE | |
r-devel-linux-x86_64-fedora-clang | 2.7 | 120.30 | OK | |||
r-devel-linux-x86_64-fedora-gcc | 2.7 | 125.34 | OK | |||
r-devel-windows-x86_64 | 2.7 | 8.00 | 82.00 | 90.00 | OK | |
r-patched-linux-x86_64 | 2.7 | 5.36 | 75.69 | 81.05 | OK | |
r-release-linux-x86_64 | 2.7 | 5.13 | 75.96 | 81.09 | OK | |
r-release-macos-arm64 | 2.7 | 35.00 | OK | |||
r-release-macos-x86_64 | 2.7 | 65.00 | OK | |||
r-release-windows-x86_64 | 2.7 | 7.00 | 77.00 | 84.00 | OK | |
r-oldrel-macos-arm64 | 2.7 | 33.00 | OK | |||
r-oldrel-macos-x86_64 | 2.7 | 50.00 | OK | |||
r-oldrel-windows-x86_64 | 2.7 | 9.00 | 102.00 | 111.00 | OK |
Version: 2.7
Check: CRAN incoming feasibility
Result: NOTE
Maintainer: ‘Luca Scrucca <luca.scrucca@unipg.it>’
Package CITATION file contains call(s) to old-style personList() or
as.personList(). Please use c() on person objects instead.
Package CITATION file contains call(s) to old-style citEntry(). Please
use bibentry() instead.
Flavors: r-devel-linux-x86_64-debian-clang, r-devel-linux-x86_64-debian-gcc