Last updated on 2025-07-04 15:48:40 CEST.
Flavor | Version | Tinstall | Tcheck | Ttotal | Status | Flags |
---|---|---|---|---|---|---|
r-devel-linux-x86_64-debian-clang | 1.1.0 | 1130.49 | 243.96 | 1374.45 | OK | |
r-devel-linux-x86_64-debian-gcc | 1.1.0 | 1089.78 | 247.20 | 1336.98 | OK | |
r-devel-linux-x86_64-fedora-clang | 1.1.0 | 2121.59 | NOTE | |||
r-devel-linux-x86_64-fedora-gcc | 1.1.0 | 2885.62 | NOTE | |||
r-devel-windows-x86_64 | 1.1.0 | 1231.00 | 333.00 | 1564.00 | OK | |
r-patched-linux-x86_64 | 1.1.0 | 1341.89 | 355.83 | 1697.72 | OK | |
r-release-linux-x86_64 | 1.1.0 | 1331.10 | 355.52 | 1686.62 | OK | |
r-release-macos-arm64 | 1.1.0 | 528.00 | OK | |||
r-release-macos-x86_64 | 1.1.0 | 716.00 | OK | |||
r-release-windows-x86_64 | 1.1.0 | 1245.00 | 335.00 | 1580.00 | OK | |
r-oldrel-macos-arm64 | 1.1.0 | 287.00 | NOTE | |||
r-oldrel-macos-x86_64 | 1.1.0 | 239.00 | NOTE | |||
r-oldrel-windows-x86_64 | 1.1.0 | 1419.00 | 418.00 | 1837.00 | NOTE |
Version: 1.1.0
Check: dependencies in R code
Result: NOTE
Namespaces in Imports field not imported from:
‘RcppParallel’ ‘rstantools’
All declared Imports should be used.
Flavors: r-devel-linux-x86_64-fedora-clang, r-devel-linux-x86_64-fedora-gcc
Version: 1.1.0
Check: installed package size
Result: NOTE
installed size is 136.3Mb
sub-directories of 1Mb or more:
libs 135.8Mb
Flavors: r-oldrel-macos-arm64, r-oldrel-macos-x86_64, r-oldrel-windows-x86_64
Version: 1.1.0
Check: for GNU extensions in Makefiles
Result: NOTE
GNU make is a SystemRequirements.
Flavors: r-oldrel-macos-arm64, r-oldrel-macos-x86_64, r-oldrel-windows-x86_64