Last updated on 2025-07-05 22:50:34 CEST.
Flavor | Version | Tinstall | Tcheck | Ttotal | Status | Flags |
---|---|---|---|---|---|---|
r-devel-linux-x86_64-debian-clang | 1.1 | 87.87 | 62.86 | 150.73 | NOTE | |
r-devel-linux-x86_64-debian-gcc | 1.1 | 59.12 | 46.73 | 105.85 | NOTE | |
r-devel-linux-x86_64-fedora-clang | 1.1 | 298.77 | OK | |||
r-devel-linux-x86_64-fedora-gcc | 1.1 | 238.14 | OK | |||
r-devel-windows-x86_64 | 1.1 | 96.00 | 97.00 | 193.00 | OK | |
r-patched-linux-x86_64 | 1.1 | 87.87 | 59.42 | 147.29 | OK | |
r-release-linux-x86_64 | 1.1 | 84.66 | 60.31 | 144.97 | OK | |
r-release-macos-arm64 | 1.1 | 70.00 | OK | |||
r-release-macos-x86_64 | 1.1 | 97.00 | OK | |||
r-release-windows-x86_64 | 1.1 | 93.00 | 92.00 | 185.00 | OK | |
r-oldrel-macos-arm64 | 1.1 | 65.00 | OK | |||
r-oldrel-macos-x86_64 | 1.1 | 78.00 | OK | |||
r-oldrel-windows-x86_64 | 1.1 | 113.00 | 113.00 | 226.00 | OK |
Version: 1.1
Check: CRAN incoming feasibility
Result: NOTE
Maintainer: ‘Alexander McLain <mclaina@mailbox.sc.edu>’
The Description field contains
Zgodic, and Bondell (2022) <arXiv:2209.08139>.
Please refer to arXiv e-prints via their arXiv DOI <doi:10.48550/arXiv.YYMM.NNNNN>.
Flavors: r-devel-linux-x86_64-debian-clang, r-devel-linux-x86_64-debian-gcc