CRAN Package Check Results for Package prettymapr

Last updated on 2025-10-10 11:51:14 CEST.

Flavor Version Tinstall Tcheck Ttotal Status Flags
r-devel-linux-x86_64-debian-clang 0.2.5 2.40 23.16 25.56 NOTE
r-devel-linux-x86_64-debian-gcc 0.2.5 1.84 17.53 19.37 NOTE
r-devel-linux-x86_64-fedora-clang 0.2.5 37.39 OK
r-devel-linux-x86_64-fedora-gcc 0.2.5 35.04 OK
r-devel-windows-x86_64 0.2.5 4.00 43.00 47.00 OK
r-patched-linux-x86_64 0.2.5 2.36 22.07 24.43 OK
r-release-linux-x86_64 0.2.5 2.33 22.12 24.45 OK
r-release-macos-arm64 0.2.5 17.00 OK
r-release-macos-x86_64 0.2.5 27.00 OK
r-release-windows-x86_64 0.2.5 4.00 43.00 47.00 OK
r-oldrel-macos-arm64 0.2.5 16.00 OK
r-oldrel-macos-x86_64 0.2.5 23.00 OK
r-oldrel-windows-x86_64 0.2.5 5.00 48.00 53.00 OK

Check Details

Version: 0.2.5
Check: CRAN incoming feasibility
Result: NOTE Maintainer: ‘Dewey Dunnington <dewey@fishandwhistle.net>’ No Authors@R field in DESCRIPTION. Please add one, modifying Authors@R: person(given = "Dewey", family = "Dunnington", role = c("aut", "cre"), email = "dewey@fishandwhistle.net") as necessary. Flavors: r-devel-linux-x86_64-debian-clang, r-devel-linux-x86_64-debian-gcc