CRAN Package Check Results for Package preference

Last updated on 2025-10-09 21:50:26 CEST.

Flavor Version Tinstall Tcheck Ttotal Status Flags
r-devel-linux-x86_64-debian-clang 1.1.6 7.62 69.10 76.72 NOTE
r-devel-linux-x86_64-debian-gcc 1.1.6 5.75 47.74 53.49 NOTE
r-devel-linux-x86_64-fedora-clang 1.1.6 119.80 NOTE
r-devel-linux-x86_64-fedora-gcc 1.1.6 111.09 NOTE
r-devel-windows-x86_64 1.1.6 10.00 79.00 89.00 NOTE
r-patched-linux-x86_64 1.1.6 9.13 65.80 74.93 NOTE
r-release-linux-x86_64 1.1.6 7.24 66.40 73.64 NOTE
r-release-macos-arm64 1.1.6 31.00 NOTE
r-release-macos-x86_64 1.1.6 52.00 NOTE
r-release-windows-x86_64 1.1.6 10.00 80.00 90.00 NOTE
r-oldrel-macos-arm64 1.1.6 27.00 NOTE
r-oldrel-macos-x86_64 1.1.6 44.00 NOTE
r-oldrel-windows-x86_64 1.1.6 12.00 99.00 111.00 NOTE

Check Details

Version: 1.1.6
Check: Rd files
Result: NOTE checkRd: (-1) preference-package.Rd:48-49: Lost braces in \itemize; meant \describe ? checkRd: (-1) preference-package.Rd:50-51: Lost braces in \itemize; meant \describe ? checkRd: (-1) preference-package.Rd:52-53: Lost braces in \itemize; meant \describe ? checkRd: (-1) preference-package.Rd:58-60: Lost braces in \itemize; meant \describe ? checkRd: (-1) preference-package.Rd:61-63: Lost braces in \itemize; meant \describe ? checkRd: (-1) preference-package.Rd:68-69: Lost braces in \itemize; meant \describe ? checkRd: (-1) preference-package.Rd:70-71: Lost braces in \itemize; meant \describe ? checkRd: (-1) preference-package.Rd:72-73: Lost braces in \itemize; meant \describe ? checkRd: (-1) preference-package.Rd:78-79: Lost braces in \itemize; meant \describe ? checkRd: (-1) preference-package.Rd:80-81: Lost braces in \itemize; meant \describe ? checkRd: (-1) preference.Rd:21: Lost braces in \itemize; meant \describe ? checkRd: (-1) preference.Rd:22-23: Lost braces in \itemize; meant \describe ? checkRd: (-1) preference.Rd:24-25: Lost braces in \itemize; meant \describe ? checkRd: (-1) preference.Rd:26-27: Lost braces in \itemize; meant \describe ? Flavors: r-devel-linux-x86_64-debian-clang, r-devel-linux-x86_64-debian-gcc, r-devel-linux-x86_64-fedora-clang, r-devel-linux-x86_64-fedora-gcc, r-devel-windows-x86_64, r-patched-linux-x86_64, r-release-linux-x86_64, r-release-macos-arm64, r-release-macos-x86_64, r-release-windows-x86_64, r-oldrel-macos-arm64, r-oldrel-macos-x86_64, r-oldrel-windows-x86_64