CRAN Package Check Results for Package prabclus

Last updated on 2025-07-04 14:49:35 CEST.

Flavor Version Tinstall Tcheck Ttotal Status Flags
r-devel-linux-x86_64-debian-clang 2.3-4 6.42 76.69 83.11 OK
r-devel-linux-x86_64-debian-gcc 2.3-4 4.70 53.65 58.35 OK
r-devel-linux-x86_64-fedora-clang 2.3-4 137.60 NOTE
r-devel-linux-x86_64-fedora-gcc 2.3-4 124.44 OK
r-devel-windows-x86_64 2.3-4 8.00 101.00 109.00 OK
r-patched-linux-x86_64 2.3-4 8.99 72.09 81.08 OK
r-release-linux-x86_64 2.3-4 5.02 70.87 75.89 OK
r-release-macos-arm64 2.3-4 38.00 OK
r-release-macos-x86_64 2.3-4 69.00 OK
r-release-windows-x86_64 2.3-4 10.00 107.00 117.00 OK
r-oldrel-macos-arm64 2.3-4 43.00 OK
r-oldrel-macos-x86_64 2.3-4 82.00 OK
r-oldrel-windows-x86_64 2.3-4 11.00 123.00 134.00 OK

Check Details

Version: 2.3-4
Check: tests
Result: NOTE Running ‘donttestexamples.R’ [4s/11s] Running ‘prabclustests.R’ [21s/46s] Comparing ‘prabclustests.Rout’ to ‘prabclustests.Rout.save’ ...108,110c108 < Simulation run 1OMP: Warning #96: Cannot form a team with 24 threads, using 2 instead. < OMP: Hint Consider unsetting KMP_DEVICE_THREAD_LIMIT (KMP_ALL_THREADS), KMP_TEAMS_THREAD_LIMIT, and OMP_THREAD_LIMIT (if any are set). < statistics value= 0.2931 --- > Simulation run 1 statistics value= 0.2931 Flavor: r-devel-linux-x86_64-fedora-clang