Last updated on 2025-10-11 05:50:20 CEST.
Flavor | Version | Tinstall | Tcheck | Ttotal | Status | Flags |
---|---|---|---|---|---|---|
r-devel-linux-x86_64-debian-clang | 0.2.1 | 7.33 | 129.81 | 137.14 | NOTE | |
r-devel-linux-x86_64-debian-gcc | 0.2.1 | 4.96 | 87.94 | 92.90 | NOTE | |
r-devel-linux-x86_64-fedora-clang | 0.2.1 | 209.44 | OK | |||
r-devel-linux-x86_64-fedora-gcc | 0.2.1 | 241.31 | OK | |||
r-devel-windows-x86_64 | 0.2.1 | 8.00 | 135.00 | 143.00 | OK | |
r-patched-linux-x86_64 | 0.2.1 | 7.09 | 119.92 | 127.01 | OK | |
r-release-linux-x86_64 | 0.2.1 | 5.39 | 120.31 | 125.70 | OK | |
r-release-macos-arm64 | 0.2.1 | 71.00 | OK | |||
r-release-macos-x86_64 | 0.2.1 | 130.00 | OK | |||
r-release-windows-x86_64 | 0.2.1 | 10.00 | 148.00 | 158.00 | OK | |
r-oldrel-macos-arm64 | 0.2.1 | 60.00 | OK | |||
r-oldrel-macos-x86_64 | 0.2.1 | 95.00 | OK | |||
r-oldrel-windows-x86_64 | 0.2.1 | 13.00 | 180.00 | 193.00 | OK |
Version: 0.2.1
Check: CRAN incoming feasibility
Result: NOTE
Maintainer: ‘Marios Batsaris <m.batsaris@aegean.gr>’
No Authors@R field in DESCRIPTION.
Please add one, modifying
Authors@R: person(given = "Marios",
family = "Batsaris",
role = c("aut", "cre"),
email = "m.batsaris@aegean.gr")
as necessary.
Flavors: r-devel-linux-x86_64-debian-clang, r-devel-linux-x86_64-debian-gcc