Last updated on 2025-07-05 22:50:33 CEST.
Flavor | Version | Tinstall | Tcheck | Ttotal | Status | Flags |
---|---|---|---|---|---|---|
r-devel-linux-x86_64-debian-clang | 1.3.23 | 3.52 | 45.28 | 48.80 | NOTE | |
r-devel-linux-x86_64-debian-gcc | 1.3.23 | 2.37 | 34.84 | 37.21 | NOTE | |
r-devel-linux-x86_64-fedora-clang | 1.3.23 | 75.81 | OK | |||
r-devel-linux-x86_64-fedora-gcc | 1.3.23 | 81.20 | OK | |||
r-devel-windows-x86_64 | 1.3.23 | 5.00 | 66.00 | 71.00 | OK | |
r-patched-linux-x86_64 | 1.3.23 | 3.30 | 41.69 | 44.99 | OK | |
r-release-linux-x86_64 | 1.3.23 | 3.58 | 41.45 | 45.03 | OK | |
r-release-macos-arm64 | 1.3.23 | 37.00 | OK | |||
r-release-macos-x86_64 | 1.3.23 | 54.00 | OK | |||
r-release-windows-x86_64 | 1.3.23 | 5.00 | 64.00 | 69.00 | OK | |
r-oldrel-macos-arm64 | 1.3.23 | 30.00 | OK | |||
r-oldrel-macos-x86_64 | 1.3.23 | 46.00 | OK | |||
r-oldrel-windows-x86_64 | 1.3.23 | 7.00 | 74.00 | 81.00 | OK |
Version: 1.3.23
Check: CRAN incoming feasibility
Result: NOTE
Maintainer: ‘Alejandro Ochoa <alejandro.ochoa@duke.edu>’
Package CITATION file contains call(s) to old-style personList() or
as.personList(). Please use c() on person objects instead.
Flavors: r-devel-linux-x86_64-debian-clang, r-devel-linux-x86_64-debian-gcc