CRAN Package Check Results for Package polimetrics

Last updated on 2025-07-04 15:48:39 CEST.

Flavor Version Tinstall Tcheck Ttotal Status Flags
r-devel-linux-x86_64-debian-clang 1.2.1.14 4.29 35.21 39.50 OK
r-devel-linux-x86_64-debian-gcc 1.2.1.14 2.93 26.70 29.63 OK
r-devel-linux-x86_64-fedora-clang 1.2.1.14 66.01 NOTE
r-devel-linux-x86_64-fedora-gcc 1.2.1.14 57.33 NOTE
r-devel-windows-x86_64 1.2.1.14 7.00 50.00 57.00 OK
r-patched-linux-x86_64 1.2.1.14 3.96 33.11 37.07 OK
r-release-linux-x86_64 1.2.1.14 3.60 32.62 36.22 OK
r-release-macos-arm64 1.2.1.14 23.00 OK
r-release-macos-x86_64 1.2.1.14 34.00 OK
r-release-windows-x86_64 1.2.1.14 6.00 52.00 58.00 OK
r-oldrel-macos-arm64 1.2.1.14 22.00 OK
r-oldrel-macos-x86_64 1.2.1.14 33.00 OK
r-oldrel-windows-x86_64 1.2.1.14 9.00 60.00 69.00 OK

Check Details

Version: 1.2.1.14
Check: dependencies in R code
Result: NOTE Namespaces in Imports field not imported from: ‘MASS’ ‘car’ ‘formula.tools’ ‘ggplot2’ ‘gplots’ ‘graphics’ ‘purrr’ ‘rstatix’ ‘stringr’ ‘tidyverse’ All declared Imports should be used. Flavors: r-devel-linux-x86_64-fedora-clang, r-devel-linux-x86_64-fedora-gcc