CRAN Package Check Results for Package pmev

Last updated on 2025-07-03 17:52:20 CEST.

Flavor Version Tinstall Tcheck Ttotal Status Flags
r-devel-linux-x86_64-debian-clang 0.1.2 7.89 57.74 65.63 NOTE
r-devel-linux-x86_64-debian-gcc 0.1.2 5.45 41.00 46.45 NOTE
r-devel-linux-x86_64-fedora-clang 0.1.2 106.38 NOTE
r-devel-linux-x86_64-fedora-gcc 0.1.2 90.05 NOTE
r-devel-windows-x86_64 0.1.2 8.00 69.00 77.00 NOTE
r-patched-linux-x86_64 0.1.2 6.60 51.65 58.25 NOTE
r-release-linux-x86_64 0.1.2 7.46 51.75 59.21 NOTE
r-release-macos-arm64 0.1.2 28.00 NOTE
r-release-macos-x86_64 0.1.2 49.00 NOTE
r-release-windows-x86_64 0.1.2 10.00 70.00 80.00 NOTE
r-oldrel-macos-arm64 0.1.2 30.00 OK
r-oldrel-macos-x86_64 0.1.2 69.00 OK
r-oldrel-windows-x86_64 0.1.2 11.00 81.00 92.00 OK

Check Details

Version: 0.1.2
Check: DESCRIPTION meta-information
Result: NOTE Missing dependency on R >= 4.1.0 because package code uses the pipe |> or function shorthand \(...) syntax added in R 4.1.0. File(s) using such syntax: ‘earned_value.R’ ‘planned_value.R’ ‘pmevR6.R’ Flavors: r-devel-linux-x86_64-debian-clang, r-devel-linux-x86_64-debian-gcc, r-devel-linux-x86_64-fedora-clang, r-devel-linux-x86_64-fedora-gcc, r-devel-windows-x86_64, r-patched-linux-x86_64, r-release-linux-x86_64, r-release-macos-arm64, r-release-macos-x86_64, r-release-windows-x86_64