Last updated on 2025-07-05 19:50:40 CEST.
Flavor | Version | Tinstall | Tcheck | Ttotal | Status | Flags |
---|---|---|---|---|---|---|
r-devel-linux-x86_64-debian-clang | 1.3.1 | 40.82 | 284.06 | 324.88 | NOTE | |
r-devel-linux-x86_64-debian-gcc | 1.3.1 | 27.87 | 185.48 | 213.35 | NOTE | |
r-devel-linux-x86_64-fedora-clang | 1.3.1 | 504.94 | OK | |||
r-devel-linux-x86_64-fedora-gcc | 1.3.1 | 471.27 | OK | |||
r-devel-windows-x86_64 | 1.3.1 | 42.00 | 257.00 | 299.00 | OK | |
r-patched-linux-x86_64 | 1.3.1 | 38.27 | 262.41 | 300.68 | OK | |
r-release-linux-x86_64 | 1.3.1 | 35.09 | 259.31 | 294.40 | OK | |
r-release-macos-arm64 | 1.3.1 | 133.00 | OK | |||
r-release-macos-x86_64 | 1.3.1 | 235.00 | OK | |||
r-release-windows-x86_64 | 1.3.1 | 41.00 | 261.00 | 302.00 | OK | |
r-oldrel-macos-arm64 | 1.3.1 | 121.00 | OK | |||
r-oldrel-macos-x86_64 | 1.3.1 | 201.00 | OK | |||
r-oldrel-windows-x86_64 | 1.3.1 | 53.00 | 342.00 | 395.00 | OK |
Version: 1.3.1
Check: CRAN incoming feasibility
Result: NOTE
Maintainer: ‘Francois Keck <francois.keck@gmail.com>’
No Authors@R field in DESCRIPTION.
Please add one, modifying
Authors@R: person(given = "Francois",
family = "Keck",
role = c("aut", "cre"),
email = "francois.keck@gmail.com")
as necessary.
Flavors: r-devel-linux-x86_64-debian-clang, r-devel-linux-x86_64-debian-gcc