CRAN Package Check Results for Package phylepic

Last updated on 2025-07-04 15:48:39 CEST.

Flavor Version Tinstall Tcheck Ttotal Status Flags
r-devel-linux-x86_64-debian-clang 0.2.0 8.82 97.23 106.05 NOTE
r-devel-linux-x86_64-debian-gcc 0.2.0 6.84 68.62 75.46 NOTE
r-devel-linux-x86_64-fedora-clang 0.2.0 152.79 NOTE
r-devel-linux-x86_64-fedora-gcc 0.2.0 157.33 NOTE
r-devel-windows-x86_64 0.2.0 10.00 97.00 107.00 NOTE
r-patched-linux-x86_64 0.2.0 8.62 89.38 98.00 NOTE
r-release-linux-x86_64 0.2.0 7.84 88.81 96.65 NOTE
r-release-macos-arm64 0.2.0 90.00 NOTE
r-release-macos-x86_64 0.2.0 172.00 NOTE
r-release-windows-x86_64 0.2.0 10.00 96.00 106.00 NOTE
r-oldrel-macos-arm64 0.2.0 47.00 OK
r-oldrel-macos-x86_64 0.2.0 145.00 OK
r-oldrel-windows-x86_64 0.2.0 13.00 122.00 135.00 OK

Check Details

Version: 0.2.0
Check: DESCRIPTION meta-information
Result: NOTE Missing dependency on R >= 4.1.0 because package code uses the pipe |> or function shorthand \(...) syntax added in R 4.1.0. File(s) using such syntax: ‘phylepic.R’ ‘plot.phylepic.R’ ‘plot_tree.R’ Flavors: r-devel-linux-x86_64-debian-clang, r-devel-linux-x86_64-debian-gcc, r-devel-linux-x86_64-fedora-clang, r-devel-linux-x86_64-fedora-gcc, r-devel-windows-x86_64, r-patched-linux-x86_64, r-release-linux-x86_64, r-release-macos-arm64, r-release-macos-x86_64, r-release-windows-x86_64