Last updated on 2025-07-05 16:48:34 CEST.
Flavor | Version | Tinstall | Tcheck | Ttotal | Status | Flags |
---|---|---|---|---|---|---|
r-devel-linux-x86_64-debian-clang | 0.9-8 | 2.99 | 49.23 | 52.22 | OK | |
r-devel-linux-x86_64-debian-gcc | 0.9-8 | 2.30 | 36.36 | 38.66 | OK | |
r-devel-linux-x86_64-fedora-clang | 0.9-8 | 75.26 | OK | |||
r-devel-linux-x86_64-fedora-gcc | 0.9-8 | 97.79 | OK | |||
r-devel-windows-x86_64 | 0.9-8 | 5.00 | 77.00 | 82.00 | OK | |
r-patched-linux-x86_64 | 0.9-8 | 3.82 | 44.84 | 48.66 | OK | |
r-release-linux-x86_64 | 0.9-8 | 2.82 | 45.62 | 48.44 | OK | |
r-release-macos-arm64 | 0.9-7 | 34.00 | NOTE | |||
r-release-macos-x86_64 | 0.9-8 | 133.00 | OK | |||
r-release-windows-x86_64 | 0.9-8 | 4.00 | 83.00 | 87.00 | OK | |
r-oldrel-macos-arm64 | 0.9-7 | 41.00 | NOTE | |||
r-oldrel-macos-x86_64 | 0.9-8 | 128.00 | OK | |||
r-oldrel-windows-x86_64 | 0.9-8 | 6.00 | 88.00 | 94.00 | OK |
Version: 0.9-7
Check: Rd files
Result: NOTE
checkRd: (-1) jackal.Rd:32: Escaped LaTeX specials: \&
Flavors: r-release-macos-arm64, r-oldrel-macos-arm64