CRAN Package Check Results for Package painbow

Last updated on 2025-10-10 11:51:12 CEST.

Flavor Version Tinstall Tcheck Ttotal Status Flags
r-devel-linux-x86_64-debian-clang 1.0.1 1.74 23.23 24.97 NOTE
r-devel-linux-x86_64-debian-gcc 1.0.1 1.42 19.22 20.64 NOTE
r-devel-linux-x86_64-fedora-clang 1.0.1 36.07 OK
r-devel-linux-x86_64-fedora-gcc 1.0.1 34.45 OK
r-devel-windows-x86_64 1.0.1 3.00 43.00 46.00 OK
r-patched-linux-x86_64 1.0.1 1.76 21.15 22.91 OK
r-release-linux-x86_64 1.0.1 1.69 21.26 22.95 OK
r-release-macos-arm64 1.0.1 17.00 OK
r-release-macos-x86_64 1.0.1 25.00 OK
r-release-windows-x86_64 1.0.1 4.00 42.00 46.00 OK
r-oldrel-macos-arm64 1.0.1 16.00 OK
r-oldrel-macos-x86_64 1.0.1 21.00 OK
r-oldrel-windows-x86_64 1.0.1 6.00 46.00 52.00 OK

Check Details

Version: 1.0.1
Check: CRAN incoming feasibility
Result: NOTE Maintainer: ‘Steve Haroz <painbow@steveharoz.com>’ No Authors@R field in DESCRIPTION. Please add one, modifying Authors@R: person(given = "Steve", family = "Haroz", role = c("aut", "cre"), email = "painbow@steveharoz.com") as necessary. The BugReports field in DESCRIPTION has https://github.com/steveharoz/painbow/issues/new which should likely be https://github.com/steveharoz/painbow/issues/new/issues instead. Flavors: r-devel-linux-x86_64-debian-clang, r-devel-linux-x86_64-debian-gcc