Last updated on 2025-07-17 21:50:53 CEST.
Flavor | Version | Tinstall | Tcheck | Ttotal | Status | Flags |
---|---|---|---|---|---|---|
r-devel-linux-x86_64-debian-clang | 0.4.2 | 81.28 | 122.90 | 204.18 | NOTE | |
r-devel-linux-x86_64-debian-gcc | 0.4.2 | 57.56 | 83.59 | 141.15 | NOTE | |
r-devel-linux-x86_64-fedora-clang | 0.4.2 | 374.15 | OK | |||
r-devel-linux-x86_64-fedora-gcc | 0.4.2 | 347.10 | OK | |||
r-devel-windows-x86_64 | 0.4.2 | 92.00 | 179.00 | 271.00 | OK | |
r-patched-linux-x86_64 | 0.4.2 | 84.63 | 115.04 | 199.67 | OK | |
r-release-linux-x86_64 | 0.4.2 | 79.93 | 115.23 | 195.16 | OK | |
r-release-macos-arm64 | 0.4.2 | 81.00 | OK | |||
r-release-macos-x86_64 | 0.4.2 | 131.00 | OK | |||
r-release-windows-x86_64 | 0.4.2 | 93.00 | 178.00 | 271.00 | OK | |
r-oldrel-macos-arm64 | 0.4.2 | 78.00 | NOTE | |||
r-oldrel-macos-x86_64 | 0.4.2 | 109.00 | NOTE | |||
r-oldrel-windows-x86_64 | 0.4.2 | 108.00 | 209.00 | 317.00 | OK |
Version: 0.4.2
Check: CRAN incoming feasibility
Result: NOTE
Maintainer: ‘Malte S. Kurz <mkurz-software@gmx.de>’
Package CITATION file contains call(s) to old-style citEntry(). Please
use bibentry() instead.
Flavors: r-devel-linux-x86_64-debian-clang, r-devel-linux-x86_64-debian-gcc
Version: 0.4.2
Check: installed package size
Result: NOTE
installed size is 5.4Mb
sub-directories of 1Mb or more:
libs 5.2Mb
Flavors: r-oldrel-macos-arm64, r-oldrel-macos-x86_64