CRAN Package Check Results for Package otsfeatures

Last updated on 2025-07-12 21:50:51 CEST.

Flavor Version Tinstall Tcheck Ttotal Status Flags
r-devel-linux-x86_64-debian-clang 1.0.0 5.03 32.91 37.94 OK
r-devel-linux-x86_64-debian-gcc 1.0.0 3.43 24.89 28.32 OK
r-devel-linux-x86_64-fedora-clang 1.0.0 57.48 NOTE
r-devel-linux-x86_64-fedora-gcc 1.0.0 55.17 NOTE
r-devel-windows-x86_64 1.0.0 7.00 55.00 62.00 OK
r-patched-linux-x86_64 1.0.0 5.52 31.31 36.83 OK
r-release-linux-x86_64 1.0.0 4.57 30.90 35.47 OK
r-release-macos-arm64 1.0.0 23.00 OK
r-release-macos-x86_64 1.0.0 37.00 OK
r-release-windows-x86_64 1.0.0 6.00 60.00 66.00 OK
r-oldrel-macos-arm64 1.0.0 22.00 OK
r-oldrel-macos-x86_64 1.0.0 30.00 OK
r-oldrel-windows-x86_64 1.0.0 8.00 62.00 70.00 OK

Check Details

Version: 1.0.0
Check: dependencies in R code
Result: NOTE Namespaces in Imports field not imported from: ‘Rdpack’ ‘astsa’ All declared Imports should be used. Flavors: r-devel-linux-x86_64-fedora-clang, r-devel-linux-x86_64-fedora-gcc