CRAN Package Check Results for Package osmextract

Last updated on 2025-07-04 15:48:38 CEST.

Flavor Version Tinstall Tcheck Ttotal Status Flags
r-devel-linux-x86_64-debian-clang 0.5.3 5.27 87.67 92.94 OK
r-devel-linux-x86_64-debian-gcc 0.5.3 3.58 69.74 73.32 OK
r-devel-linux-x86_64-fedora-clang 0.5.3 149.08 OK
r-devel-linux-x86_64-fedora-gcc 0.5.3 159.60 OK
r-devel-windows-x86_64 0.5.3 6.00 119.00 125.00 OK
r-patched-linux-x86_64 0.5.3 6.00 87.53 93.53 OK
r-release-linux-x86_64 0.5.3 4.81 87.76 92.57 OK
r-release-macos-arm64 0.5.3 59.00 OK
r-release-macos-x86_64 0.5.3 98.00 OK
r-release-windows-x86_64 0.5.3 7.00 121.00 128.00 OK
r-oldrel-macos-arm64 0.5.3 69.00 NOTE
r-oldrel-macos-x86_64 0.5.3 124.00 NOTE
r-oldrel-windows-x86_64 0.5.3 8.00 152.00 160.00 NOTE

Check Details

Version: 0.5.3
Check: installed package size
Result: NOTE installed size is 5.4Mb sub-directories of 1Mb or more: data 3.7Mb help 1.1Mb Flavors: r-oldrel-macos-arm64, r-oldrel-macos-x86_64, r-oldrel-windows-x86_64