Last updated on 2025-07-04 22:49:32 CEST.
Flavor | Version | Tinstall | Tcheck | Ttotal | Status | Flags |
---|---|---|---|---|---|---|
r-devel-linux-x86_64-debian-clang | 1.0.5 | 28.12 | 269.30 | 297.42 | NOTE | |
r-devel-linux-x86_64-debian-gcc | 1.0.5 | 18.94 | 167.27 | 186.21 | NOTE | |
r-devel-linux-x86_64-fedora-clang | 1.0.5 | 466.40 | OK | |||
r-devel-linux-x86_64-fedora-gcc | 1.0.5 | 460.76 | OK | |||
r-devel-windows-x86_64 | 1.0.5 | 28.00 | 219.00 | 247.00 | OK | |
r-patched-linux-x86_64 | 1.0.5 | 27.85 | 253.67 | 281.52 | OK | |
r-release-linux-x86_64 | 1.0.5 | 26.92 | 253.44 | 280.36 | OK | |
r-release-macos-arm64 | 1.0.5 | 118.00 | OK | |||
r-release-macos-x86_64 | 1.0.5 | 244.00 | OK | |||
r-release-windows-x86_64 | 1.0.5 | 27.00 | 219.00 | 246.00 | OK | |
r-oldrel-macos-arm64 | 1.0.5 | 102.00 | OK | |||
r-oldrel-macos-x86_64 | 1.0.5 | 182.00 | OK | |||
r-oldrel-windows-x86_64 | 1.0.5 | 36.00 | 304.00 | 340.00 | OK |
Version: 1.0.5
Check: CRAN incoming feasibility
Result: NOTE
Maintainer: ‘Steffen Kriewald <kriewald@pik-potsdam.de>’
No Authors@R field in DESCRIPTION.
Please add one, modifying
Authors@R: c(person(given = "Steffen",
family = "Kriewald",
role = c("aut", "cre"),
email = "kriewald@pik-potsdam.de"),
person(given = "Till",
family = "Fluschnik",
role = "aut"),
person(given = "Dominik",
family = "Reusser",
role = "aut"),
person(given = "Diego",
family = "Rybski",
role = "aut"))
as necessary.
Flavors: r-devel-linux-x86_64-debian-clang, r-devel-linux-x86_64-debian-gcc