CRAN Package Check Results for Package opticut

Last updated on 2025-07-04 15:48:38 CEST.

Flavor Version Tinstall Tcheck Ttotal Status Flags
r-devel-linux-x86_64-debian-clang 0.1-3 10.28 228.79 239.07 NOTE
r-devel-linux-x86_64-debian-gcc 0.1-3 6.04 159.12 165.16 NOTE
r-devel-linux-x86_64-fedora-clang 0.1-3 393.25 OK
r-devel-linux-x86_64-fedora-gcc 0.1-3 373.84 OK
r-devel-windows-x86_64 0.1-3 11.00 392.00 403.00 OK
r-patched-linux-x86_64 0.1-3 11.27 221.30 232.57 OK
r-release-linux-x86_64 0.1-3 9.54 221.36 230.90 OK
r-release-macos-arm64 0.1-3 141.00 OK
r-release-macos-x86_64 0.1-3 290.00 OK
r-release-windows-x86_64 0.1-3 10.00 387.00 397.00 OK
r-oldrel-macos-arm64 0.1-3 146.00 OK
r-oldrel-macos-x86_64 0.1-3 247.00 OK
r-oldrel-windows-x86_64 0.1-3 13.00 468.00 481.00 OK

Check Details

Version: 0.1-3
Check: CRAN incoming feasibility
Result: NOTE Maintainer: ‘Peter Solymos <psolymos@gmail.com>’ No Authors@R field in DESCRIPTION. Please add one, modifying Authors@R: c(person(given = "Peter", family = "Solymos", role = c("cre", "aut"), email = "psolymos@gmail.com", comment = c(ORCID = "0000-0001-7337-1740")), person(given = c("Ermias", "T."), family = "Azeria", role = "ctb")) as necessary. Flavors: r-devel-linux-x86_64-debian-clang, r-devel-linux-x86_64-debian-gcc