Last updated on 2025-07-05 13:48:31 CEST.
Flavor | Version | Tinstall | Tcheck | Ttotal | Status | Flags |
---|---|---|---|---|---|---|
r-devel-linux-x86_64-debian-clang | 2.3.3 | 12.88 | 50.76 | 63.64 | OK | |
r-devel-linux-x86_64-debian-gcc | 2.3.3 | 9.75 | 37.86 | 47.61 | OK | |
r-devel-linux-x86_64-fedora-clang | 2.3.3 | 103.67 | OK | |||
r-devel-linux-x86_64-fedora-gcc | 2.3.3 | 106.82 | OK | |||
r-devel-windows-x86_64 | 2.3.3 | 38.00 | 127.00 | 165.00 | OK | |
r-patched-linux-x86_64 | 2.3.3 | 11.41 | 48.53 | 59.94 | OK | |
r-release-linux-x86_64 | 2.3.3 | 11.35 | 47.12 | 58.47 | OK | |
r-release-macos-arm64 | 2.3.3 | 48.00 | OK | |||
r-release-macos-x86_64 | 2.3.3 | 168.00 | OK | |||
r-release-windows-x86_64 | 2.3.3 | 40.00 | 124.00 | 164.00 | OK | |
r-oldrel-macos-arm64 | 2.3.3 | 72.00 | NOTE | |||
r-oldrel-macos-x86_64 | 2.3.3 | 146.00 | NOTE | |||
r-oldrel-windows-x86_64 | 2.3.3 | 45.00 | 145.00 | 190.00 | NOTE |
Version: 2.3.3
Check: installed package size
Result: NOTE
installed size is 8.5Mb
sub-directories of 1Mb or more:
doc 2.6Mb
libs 5.5Mb
Flavors: r-oldrel-macos-arm64, r-oldrel-macos-x86_64, r-oldrel-windows-x86_64