CRAN Package Check Results for Package omsvg

Last updated on 2025-07-05 11:49:23 CEST.

Flavor Version Tinstall Tcheck Ttotal Status Flags
r-devel-linux-x86_64-debian-clang 0.1.0 8.86 35.30 44.16 OK
r-devel-linux-x86_64-debian-gcc 0.1.0 7.13 27.10 34.23 OK
r-devel-linux-x86_64-fedora-clang 0.1.0 73.28 NOTE
r-devel-linux-x86_64-fedora-gcc 0.1.0 64.81 NOTE
r-devel-windows-x86_64 0.1.0 12.00 61.00 73.00 OK
r-patched-linux-x86_64 0.1.0 9.88 34.04 43.92 OK
r-release-linux-x86_64 0.1.0 8.18 33.63 41.81 OK
r-release-macos-arm64 0.1.0 29.00 OK
r-release-macos-x86_64 0.1.0 44.00 OK
r-release-windows-x86_64 0.1.0 13.00 59.00 72.00 OK
r-oldrel-macos-arm64 0.1.0 26.00 NOTE
r-oldrel-macos-x86_64 0.1.0 34.00 NOTE
r-oldrel-windows-x86_64 0.1.0 14.00 66.00 80.00 NOTE

Check Details

Version: 0.1.0
Check: dependencies in R code
Result: NOTE Namespace in Imports field not imported from: ‘gt’ All declared Imports should be used. Flavors: r-devel-linux-x86_64-fedora-clang, r-devel-linux-x86_64-fedora-gcc

Version: 0.1.0
Check: LazyData
Result: NOTE 'LazyData' is specified without a 'data' directory Flavors: r-oldrel-macos-arm64, r-oldrel-macos-x86_64, r-oldrel-windows-x86_64