CRAN Package Check Results for Package nycflights13

Last updated on 2025-07-04 15:48:38 CEST.

Flavor Version Tinstall Tcheck Ttotal Status Flags
r-devel-linux-x86_64-debian-clang 1.0.2 18.76 48.45 67.21 OK
r-devel-linux-x86_64-debian-gcc 1.0.2 13.07 34.50 47.57 OK
r-devel-linux-x86_64-fedora-clang 1.0.2 104.56 OK
r-devel-linux-x86_64-fedora-gcc 1.0.2 94.36 OK
r-devel-windows-x86_64 1.0.2 17.00 57.00 74.00 OK
r-patched-linux-x86_64 1.0.2 18.66 43.91 62.57 OK
r-release-linux-x86_64 1.0.2 16.88 44.53 61.41 OK
r-release-macos-arm64 1.0.2 46.00 OK
r-release-macos-x86_64 1.0.2 87.00 OK
r-release-windows-x86_64 1.0.2 18.00 60.00 78.00 OK
r-oldrel-macos-arm64 1.0.2 40.00 NOTE
r-oldrel-macos-x86_64 1.0.2 59.00 NOTE
r-oldrel-windows-x86_64 1.0.2 26.00 72.00 98.00 OK

Check Details

Version: 1.0.2
Check: installed package size
Result: NOTE installed size is 5.2Mb sub-directories of 1Mb or more: data 5.1Mb Flavors: r-oldrel-macos-arm64, r-oldrel-macos-x86_64