CRAN Package Check Results for Package nord

Last updated on 2025-07-04 15:48:38 CEST.

Flavor Version Tinstall Tcheck Ttotal Status Flags
r-devel-linux-x86_64-debian-clang 1.0.0 4.72 47.84 52.56 OK
r-devel-linux-x86_64-debian-gcc 1.0.0 3.49 34.60 38.09 OK
r-devel-linux-x86_64-fedora-clang 1.0.0 79.62 OK
r-devel-linux-x86_64-fedora-gcc 1.0.0 74.75 OK
r-devel-windows-x86_64 1.0.0 5.00 67.00 72.00 OK
r-patched-linux-x86_64 1.0.0 4.40 42.93 47.33 OK
r-release-linux-x86_64 1.0.0 4.51 43.29 47.80 OK
r-release-macos-arm64 1.0.0 23.00 OK
r-release-macos-x86_64 1.0.0 39.00 OK
r-release-windows-x86_64 1.0.0 7.00 68.00 75.00 OK
r-oldrel-macos-arm64 1.0.0 25.00 NOTE
r-oldrel-macos-x86_64 1.0.0 35.00 NOTE
r-oldrel-windows-x86_64 1.0.0 8.00 77.00 85.00 NOTE

Check Details

Version: 1.0.0
Check: LazyData
Result: NOTE 'LazyData' is specified without a 'data' directory Flavors: r-oldrel-macos-arm64, r-oldrel-macos-x86_64, r-oldrel-windows-x86_64