Last updated on 2025-07-03 21:48:53 CEST.
Flavor | Version | Tinstall | Tcheck | Ttotal | Status | Flags |
---|---|---|---|---|---|---|
r-devel-linux-x86_64-debian-clang | 0.1.6 | 10.72 | 146.90 | 157.62 | NOTE | |
r-devel-linux-x86_64-debian-gcc | 0.1.6 | 7.05 | 107.83 | 114.88 | NOTE | |
r-devel-linux-x86_64-fedora-clang | 0.1.6 | 218.53 | OK | |||
r-devel-linux-x86_64-fedora-gcc | 0.1.6 | 226.63 | OK | |||
r-devel-windows-x86_64 | 0.1.6 | 11.00 | 109.00 | 120.00 | OK | |
r-patched-linux-x86_64 | 0.1.6 | 9.77 | 138.73 | 148.50 | OK | |
r-release-linux-x86_64 | 0.1.6 | 10.04 | 138.86 | 148.90 | OK | |
r-release-macos-arm64 | 0.1.6 | 55.00 | OK | |||
r-release-macos-x86_64 | 0.1.6 | 97.00 | OK | |||
r-release-windows-x86_64 | 0.1.6 | 12.00 | 113.00 | 125.00 | OK | |
r-oldrel-macos-arm64 | 0.1.6 | 55.00 | OK | |||
r-oldrel-macos-x86_64 | 0.1.6 | 82.00 | OK | |||
r-oldrel-windows-x86_64 | 0.1.6 | 15.00 | 150.00 | 165.00 | OK |
Version: 0.1.6
Check: CRAN incoming feasibility
Result: NOTE
Maintainer: ‘David Phillippo <david.phillippo@bristol.ac.uk>’
Package CITATION file contains call(s) to old-style personList() or
as.personList(). Please use c() on person objects instead.
Package CITATION file contains call(s) to old-style citEntry(). Please
use bibentry() instead.
Flavors: r-devel-linux-x86_64-debian-clang, r-devel-linux-x86_64-debian-gcc