CRAN Package Check Results for Package ngspatial

Last updated on 2025-07-05 15:50:06 CEST.

Flavor Version Tinstall Tcheck Ttotal Status Flags
r-devel-linux-x86_64-debian-clang 1.2-2 28.91 42.98 71.89 NOTE
r-devel-linux-x86_64-debian-gcc 1.2-2 19.15 32.75 51.90 NOTE
r-devel-linux-x86_64-fedora-clang 1.2-2 115.83 OK
r-devel-linux-x86_64-fedora-gcc 1.2-2 111.80 OK
r-devel-windows-x86_64 1.2-2 32.00 81.00 113.00 OK
r-patched-linux-x86_64 1.2-2 26.20 41.22 67.42 OK
r-release-linux-x86_64 1.2-2 28.14 41.80 69.94 OK
r-release-macos-arm64 1.2-2 37.00 OK
r-release-macos-x86_64 1.2-2 65.00 OK
r-release-windows-x86_64 1.2-2 32.00 86.00 118.00 OK
r-oldrel-macos-arm64 1.2-2 60.00 OK
r-oldrel-macos-x86_64 1.2-2 56.00 OK
r-oldrel-windows-x86_64 1.2-2 38.00 97.00 135.00 OK

Check Details

Version: 1.2-2
Check: CRAN incoming feasibility
Result: NOTE Maintainer: ‘John Hughes <drjphughesjr@gmail.com>’ No Authors@R field in DESCRIPTION. Please add one, modifying Authors@R: c(person(given = "John", family = "Hughes", role = c("aut", "cre"), email = "drjphughesjr@gmail.com"), person(given = "Xiaohui", family = "Cui", role = "aut")) as necessary. Package CITATION file contains call(s) to old-style personList() or as.personList(). Please use c() on person objects instead. Package CITATION file contains call(s) to old-style citEntry(). Please use bibentry() instead. The Description field contains Bayesian spatial filtering model of Hughes (2017) <arXiv:1706.04651>. Please refer to arXiv e-prints via their arXiv DOI <doi:10.48550/arXiv.YYMM.NNNNN>. Flavors: r-devel-linux-x86_64-debian-clang, r-devel-linux-x86_64-debian-gcc