Last updated on 2025-07-06 15:49:29 CEST.
Flavor | Version | Tinstall | Tcheck | Ttotal | Status | Flags |
---|---|---|---|---|---|---|
r-devel-linux-x86_64-debian-clang | 0.1.0 | 9.22 | 169.63 | 178.85 | OK | |
r-devel-linux-x86_64-debian-gcc | 0.1.0 | 5.98 | 110.99 | 116.97 | ERROR | |
r-devel-linux-x86_64-fedora-clang | 0.1.0 | 280.86 | OK | |||
r-devel-linux-x86_64-fedora-gcc | 0.1.0 | 286.44 | OK | |||
r-devel-windows-x86_64 | 0.1.0 | 9.00 | 156.00 | 165.00 | OK | |
r-patched-linux-x86_64 | 0.1.0 | 7.27 | 158.91 | 166.18 | OK | |
r-release-linux-x86_64 | 0.1.0 | 8.31 | 160.99 | 169.30 | OK | |
r-release-macos-arm64 | 0.1.0 | 82.00 | OK | |||
r-release-macos-x86_64 | 0.1.0 | 176.00 | OK | |||
r-release-windows-x86_64 | 0.1.0 | 9.00 | 158.00 | 167.00 | OK | |
r-oldrel-macos-arm64 | 0.1.0 | 77.00 | OK | |||
r-oldrel-macos-x86_64 | 0.1.0 | 121.00 | OK | |||
r-oldrel-windows-x86_64 | 0.1.0 | 13.00 | 221.00 | 234.00 | OK |
Version: 0.1.0
Check: re-building of vignette outputs
Result: ERROR
Error(s) in re-building vignettes:
...
--- re-building ‘README.Rmd’ using rmarkdown
Quitting from README.Rmd:28-81 [example]
~~~~~~~~~~~~~~~~~~~~~~~~~~~~~~~~~~~~~~~~~~~~~~~~~~~~~~~~~~~~~~~~~~~~~~~~~~~~~~~~
<error/rlang_error>
Error in `1:indlft`:
! result would be too long a vector
---
Backtrace:
▆
1. └─newIMVC::IMVCFDR(...)
~~~~~~~~~~~~~~~~~~~~~~~~~~~~~~~~~~~~~~~~~~~~~~~~~~~~~~~~~~~~~~~~~~~~~~~~~~~~~~~~
Error: processing vignette 'README.Rmd' failed with diagnostics:
result would be too long a vector
--- failed re-building ‘README.Rmd’
SUMMARY: processing the following file failed:
‘README.Rmd’
Error: Vignette re-building failed.
Execution halted
Flavor: r-devel-linux-x86_64-debian-gcc